*n - 11. Suppose -139 = 3*r + y*v + 62, 2*r + 133 = -v. Let g = 106 + r. What are the prime factors of g?
41
List the prime factors of (-59)/(((-90)/(-10))/(-11871)).
59, 1319
What are the prime factors of 3875*2 - (1960/196 - 1*6)?
2, 3, 1291
Let u(s) = -2*s**2 + 2 + 4*s**2 - 5*s - 31*s. Let k be u(18). Suppose k*d = -4*c + 6, -2*c + 6 = -0*c - 2*d. List the prime factors of c.
2
Let g be (-119)/(-85) - 2/5. Let k(r) = 80*r**2 - 17*r + 17. List the prime factors of k(g).
2, 5
Suppose 0 = -8*y - 2*y + 50. Suppose -y*w - w = 5*w. Let v(u) = -u**3 + 2*u**2 - 2*u + 173. What are the prime factors of v(w)?
173
Let j = 85 - 85. Suppose -21*u + 16*u + 1510 = j. List the prime factors of u.
2, 151
Suppose 209*d - 66552 = 185*d. What are the prime factors of d?
47, 59
Suppose -56 = -4*u - 0*u. Suppose 0 = -o + u - 10. What are the prime factors of (-6)/o*(-2144)/24?
2, 67
What are the prime factors of (-17)/136 + ((-14)/70)/(16/(-819770))?
10247
Suppose 3756 + 5418 = k. List the prime factors of k.
2, 3, 11, 139
Let r = 382 - 40. Suppose -4*h = f - 0*f - r, 2*h - 346 = -f. What are the prime factors of f?
2, 5, 7
Suppose 11*f - 78*p = -77*p + 300362, p - 4 = 0. List the prime factors of f.
2, 3, 37, 41
Let g be (28/(-8))/7*-10. Suppose u = 2*u - g. Suppose -4*w + 3*v + 53 = 0, -2*w = w - u*v - 26. What are the prime factors of w?
17
Let o(y) = -y**3 + 3*y**2 + 4*y + 2. Let s be o(4). Let p be -3 + -1 + (s - 703). What are the prime factors of 28/(-224) - p/8?
2, 11
Suppose 5*c = g + 13568, -7*c + 6*c + 3*g = -2722. What are the prime factors of c?
2713
Suppose 55 = 2*m + 55. What are the prime factors of (-7)/(7/3) + 458 + m?
5, 7, 13
Let v be 3/(-3)*(-2422 - (5 + 1)). Suppose -4*l = -2*g - 318 - v, 4*l - 4*g - 2740 = 0. What are the prime factors of l?
2, 43
Let h(y) = -4*y + 1. Let p(i) = i**2 - 11. Let v be p(3). Let l be h(v). Suppose -5*u - 164 = -l*u. What are the prime factors of u?
41
Suppose -58*k = -60*k + 3*b + 118936, k + 2*b = 59496. List the prime factors of k.
2, 5, 1487
Suppose 0 = -q - 2*w + 19156, -w - 3 + 10 = 0. List the prime factors of q.
2, 17, 563
Suppose 18*q - 497877 - 655221 = -98082. List the prime factors of q.
2, 14653
Suppose 3*i = -4*y + 1493, 2*y - i + 4*i - 745 = 0. What are the prime factors of (y/7)/((-12)/(-84))?
2, 11, 17
Let c(j) = 21*j**2 + 50*j + 269. List the prime factors of c(-5).
2, 17
Suppose 2*c = 10*c - 112. Suppose 3*f + 3*z - 16 - c = 0, 4*f - 5*z - 76 = 0. Suppose -f*x + x = -1794. What are the prime factors of x?
2, 3, 23
Let w = -27 - -279. Suppose -295*b - w = -297*b. List the prime factors of b.
2, 3, 7
Let w(q) = 20*q + 50*q**2 + 8*q + 3*q + 34 - 55*q. List the prime factors of w(6).
2, 5, 13
Suppose 0 = -5*p + 16 + 4. Let i(q) = 2 - 4*q**2 + q - p + 7*q**3 + q**2 - q**2. List the prime factors of i(2).
2, 5
Suppose -x - 2*x + 45 = 5*k, 5*x + 9 = k. Suppose -3*b + k*b - 54 = 0. List the prime factors of 6/b*744/16.
31
Let u(q) = -q**2 - 8*q - 14. Let o be u(-4). Let m be (40/16)/((-3)/(-6)). Suppose 2*h + o*j + 2 - 80 = 0, -160 = -4*h - m*j. What are the prime factors of h?
5, 7
Suppose -28068 = 336*m - 342*m. List the prime factors of m.
2, 2339
Let z(l) be the third derivative of 5*l**4/6 - 5*l**3 - 35*l**2. Let s be z(4). Suppose -u = -2, -5*w - u + s = -437. List the prime factors of w.
97
Let d(q) be the first derivative of 15/2*q**2 - 43 - 1/3*q**3 - 9*q. What are the prime factors of d(9)?
3, 5
Let h(g) = -3*g**2 + 21*g. Let o be h(6). Suppose -o - 2 = 5*u. List the prime factors of u/(96/(-392)) - 4/(-6).
17
Suppose -4*o = t - 57962, 36032 = -4*o - 3*t + 94006. What are the prime factors of o?
14489
Let m = -316 - -875. What are the prime factors of (m/(-172))/((-1)/116)?
13, 29
Suppose q - 8323 = 4*n, 6*n + 4160 = 4*n + 2*q. Let u = -867 - n. What are the prime factors of u?
2, 607
Let q = -234 - -237. List the prime factors of (-710)/q*(-276)/115.
2, 71
Let y(d) = 44*d**2. Let j(h) = -h. Let o(t) = 2*t + 19. Let i(x) = -4*j(x) - o(x). Let p be i(10). List the prime factors of y(p).
2, 11
Let c(r) = 4*r**2 - 9*r + 49. Let s be c(5). What are the prime factors of 19/2*(s - 0)?
2, 13, 19
Let c be ((-5)/2)/(10/(-8)). Suppose 4*n + 3*g + 2*g = 10, -c*n + 18 = -4*g. Suppose n*r = -6*r + 2453. List the prime factors of r.
223
Let s(w) = w**3 - 28*w**2 - 110*w + 153. List the prime factors of s(47).
2, 3, 2053
Let m(i) = 2873*i - 317. What are the prime factors of m(6)?
16921
Let d(q) = q**3 + 10*q**2 + 3. Let y be d(-10). Let x(h) = h + 1. Let p be x(-1). Suppose y*v - 5*g - 341 = p, g + 0 + 4 = 0. What are the prime factors of v?
107
Suppose 5*n = -2*y + 66414, 4*n = 15*y - 11*y - 132856. List the prime factors of y.
2, 19, 23
Let l = -22111 - -23316. What are the prime factors of l?
5, 241
Let s(i) be the third derivative of -i**6/120 + i**5/5 + 5*i**4/24 - 23*i**3/6 + 32*i**2. What are the prime factors of s(11)?
3, 17
Let w(u) = 46*u**2 - 5*u - 11. Let i be w(-4). Let z = 204 + i. List the prime factors of z.
13, 73
Suppose -6*q + 272 + 40 = 0. Suppose 4*y = -p - q, 50 + 48 = -2*p - 5*y. Let a = 260 + p. What are the prime factors of a?
2, 3
Suppose -88*l = -91*l + 2166. Suppose -5*u + l = -2503. List the prime factors of u.
3, 5, 43
Let c(y) = -5*y + 48. Let p be c(9). Suppose -5*j = -p*j - 224. List the prime factors of (-53)/(j/40 - 6/2).
5, 53
Let n be 32/208 - (-126)/26. Suppose -3*p = -2*k + 4, 16 - n = -2*p + 3*k. Suppose 0 = -3*m + p*h + 314, m = -2*m - h + 311. What are the prime factors of m?
2, 13
Let u be -129 + 10 + 3*(0 + 1). Let c = -112 - u. Suppose 2*a = a + 3*m + 209, -c*a = -m - 781. What are the prime factors of a?
2, 97
Suppose -18*o + 47 + 7 = 0. Suppose -2*c - 3*t + 437 = 3*c, -265 = -o*c + t. What are the prime factors of c?
2, 11
Let v(s) be the first derivative of -s**4 - s**3 - 2*s**2 + 3*s + 18. Let w be v(-3). Suppose -5*u + 209 = -w. List the prime factors of u.
61
Let q be (552/10)/((-4)/(-30)). Let v = q - 160. What are the prime factors of v?
2, 127
Let q(n) = 7*n**2 - 2*n - 3. Let f be -2*(1/3)/((-4)/(-6)). Let o be q(f). Let p(l) = 8*l**2 - l - 20. List the prime factors of p(o).
2, 131
Suppose -41624 + 295372 = 22*f. What are the prime factors of f?
2, 73, 79
Let c be (-5)/(4 - 9) + -1. What are the prime factors of (c - 1)*(2 - (-5 - -319))?
2, 3, 13
Let g(n) = -197*n + 1. Let w be g(1). Let l = 828 - 495. Let y = l + w. What are the prime factors of y?
137
Let r be ((-16)/12)/((-10)/75). Suppose 2 - 6 = -z. Suppose -r*u = -z*u - 528. List the prime factors of u.
2, 11
Let x = 14 - -1. Let m = -45 - -65. Suppose x*v + 30 = m*v. List the prime factors of v.
2, 3
Let j = -21056 + 30680. List the prime factors of j.
2, 3, 401
List the prime factors of (-11405799)/(-1488) + (-3)/16.
3, 5, 7, 73
Let w be (-37 - -46)*(-12)/(-27). What are the prime factors of 505/2 + 5 + (-22)/w?
2, 3, 7
List the prime factors of ((-756)/16)/(6/(-1184)).
2, 3, 7, 37
Suppose -p = 3*x + 14 + 4, 4*x + p + 23 = 0. Let v be (-7 + 33)/((x + -1)/3). Let i(b) = -9*b - 21. What are the prime factors of i(v)?
2, 3
Suppose -s - 12075 = -f, 0 = -f - s + 5*s + 12075. List the prime factors of f.
3, 5, 7, 23
Let d(z) = 16*z + 4. Let v be (-4)/15*-213 - (-2)/10. Let u = v - 48. What are the prime factors of d(u)?
2, 37
Let l be ((-6)/(-4))/(3 + 165/(-54)). Let s(o) = o**3 + 25*o**2 - 71*o - 12. List the prime factors of s(l).
3, 149
Suppose -4*g + 11 = -r, -7*r = g - 6*r + 1. Suppose 3*p - 1563 = -l, 1741 + 1396 = g*l - 5*p. What are the prime factors of l?
2, 3, 29
Let o(r) = 180*r + 28. Let v(i) = 177*i + 28. Let m(g) = 5*o(g) - 6*v(g). What are the prime factors of m(-7)?
2, 7, 79
Let k(d) = 3*d + 13. Let j(b) = b. Let u(v) = -2*j(v) + k(v). Let z be u(-5). Suppose -281 = -3*h - 2*x, z*h = 4*h + x + 360. What are the prime factors of h?
7, 13
Let c = -6015 - -11276. List the prime factors of c.
5261
Let o be (82/8)/((-13)/52). Let z = o - -192. List the prime factors of z.
151
Suppose -2*n = 3*l - 138806, 2*n = -49*l + 42*l + 323862. List the prime factors of l.
2, 5783
Let l = 82 - 43. Let h = 30 - l. What are the prime factors of (60/h)/(-4)*33?
5, 11
Let f = 10198 - -1749. List the prime factors of f.
13, 919
Let c(u) = 3*u + 2. Let o be c(-10). Let d = o + 32. Let n(j) = 2*j**2 